[INFO] cloning repository https://github.com/Shoggomo/qu-qu
[INFO] running `Command { std: "git" "-c" "credential.helper=" "-c" "credential.helper=/workspace/cargo-home/bin/git-credential-null" "clone" "--bare" "https://github.com/Shoggomo/qu-qu" "/workspace/cache/git-repos/https%3A%2F%2Fgithub.com%2FShoggomo%2Fqu-qu", kill_on_drop: false }`
[INFO] [stderr] Cloning into bare repository '/workspace/cache/git-repos/https%3A%2F%2Fgithub.com%2FShoggomo%2Fqu-qu'...
[INFO] running `Command { std: "git" "rev-parse" "HEAD", kill_on_drop: false }`
[INFO] [stdout] 8d73a36e4915c94252c9a9e151ab63a38ec76a21
[INFO] checking Shoggomo/qu-qu against master#9610dfe5a9a731ced1ea4923ecbd0c57fe367898 for beta-170-4
[INFO] running `Command { std: "git" "clone" "/workspace/cache/git-repos/https%3A%2F%2Fgithub.com%2FShoggomo%2Fqu-qu" "/workspace/builds/worker-3-tc1/source", kill_on_drop: false }`
[INFO] [stderr] Cloning into '/workspace/builds/worker-3-tc1/source'...
[INFO] [stderr] done.
[INFO] validating manifest of git repo https://github.com/Shoggomo/qu-qu on toolchain 9610dfe5a9a731ced1ea4923ecbd0c57fe367898
[INFO] running `Command { std: CARGO_HOME="/workspace/cargo-home" RUSTUP_HOME="/workspace/rustup-home" "/workspace/cargo-home/bin/cargo" "+9610dfe5a9a731ced1ea4923ecbd0c57fe367898" "metadata" "--manifest-path" "Cargo.toml" "--no-deps", kill_on_drop: false }`
[INFO] started tweaking git repo https://github.com/Shoggomo/qu-qu
[INFO] finished tweaking git repo https://github.com/Shoggomo/qu-qu
[INFO] tweaked toml for git repo https://github.com/Shoggomo/qu-qu written to /workspace/builds/worker-3-tc1/source/Cargo.toml
[INFO] crate git repo https://github.com/Shoggomo/qu-qu already has a lockfile, it will not be regenerated
[INFO] running `Command { std: CARGO_HOME="/workspace/cargo-home" RUSTUP_HOME="/workspace/rustup-home" "/workspace/cargo-home/bin/cargo" "+9610dfe5a9a731ced1ea4923ecbd0c57fe367898" "fetch" "--manifest-path" "Cargo.toml", kill_on_drop: false }`
[INFO] running `Command { std: "docker" "create" "-v" "/var/lib/crater-agent-workspace/builds/worker-3-tc1/target:/opt/rustwide/target:rw,Z" "-v" "/var/lib/crater-agent-workspace/builds/worker-3-tc1/source:/opt/rustwide/workdir:ro,Z" "-v" "/var/lib/crater-agent-workspace/cargo-home:/opt/rustwide/cargo-home:ro,Z" "-v" "/var/lib/crater-agent-workspace/rustup-home:/opt/rustwide/rustup-home:ro,Z" "-e" "SOURCE_DIR=/opt/rustwide/workdir" "-e" "CARGO_TARGET_DIR=/opt/rustwide/target" "-e" "CARGO_HOME=/opt/rustwide/cargo-home" "-e" "RUSTUP_HOME=/opt/rustwide/rustup-home" "-w" "/opt/rustwide/workdir" "-m" "1610612736" "--user" "0:0" "--network" "none" "ghcr.io/rust-lang/crates-build-env/linux@sha256:19e73879b68f455e41552ea35293514db52ea292d993f571636dbffedb77a1ee" "/opt/rustwide/cargo-home/bin/cargo" "+9610dfe5a9a731ced1ea4923ecbd0c57fe367898" "metadata" "--no-deps" "--format-version=1", kill_on_drop: false }`
[INFO] [stdout] d276d5557688f42d82778ab4d8568e9a029fcbb033b38255d8071771b29ba9d0
[INFO] running `Command { std: "docker" "start" "-a" "d276d5557688f42d82778ab4d8568e9a029fcbb033b38255d8071771b29ba9d0", kill_on_drop: false }`
[INFO] running `Command { std: "docker" "inspect" "d276d5557688f42d82778ab4d8568e9a029fcbb033b38255d8071771b29ba9d0", kill_on_drop: false }`
[INFO] running `Command { std: "docker" "rm" "-f" "d276d5557688f42d82778ab4d8568e9a029fcbb033b38255d8071771b29ba9d0", kill_on_drop: false }`
[INFO] [stdout] d276d5557688f42d82778ab4d8568e9a029fcbb033b38255d8071771b29ba9d0
[INFO] running `Command { std: "docker" "create" "-v" "/var/lib/crater-agent-workspace/builds/worker-3-tc1/target:/opt/rustwide/target:rw,Z" "-v" "/var/lib/crater-agent-workspace/builds/worker-3-tc1/source:/opt/rustwide/workdir:ro,Z" "-v" "/var/lib/crater-agent-workspace/cargo-home:/opt/rustwide/cargo-home:ro,Z" "-v" "/var/lib/crater-agent-workspace/rustup-home:/opt/rustwide/rustup-home:ro,Z" "-e" "SOURCE_DIR=/opt/rustwide/workdir" "-e" "CARGO_TARGET_DIR=/opt/rustwide/target" "-e" "CARGO_INCREMENTAL=0" "-e" "RUST_BACKTRACE=full" "-e" "RUSTFLAGS=--cap-lints=forbid" "-e" "RUSTDOCFLAGS=--cap-lints=forbid" "-e" "CARGO_HOME=/opt/rustwide/cargo-home" "-e" "RUSTUP_HOME=/opt/rustwide/rustup-home" "-w" "/opt/rustwide/workdir" "-m" "1610612736" "--user" "0:0" "--network" "none" "ghcr.io/rust-lang/crates-build-env/linux@sha256:19e73879b68f455e41552ea35293514db52ea292d993f571636dbffedb77a1ee" "/opt/rustwide/cargo-home/bin/cargo" "+9610dfe5a9a731ced1ea4923ecbd0c57fe367898" "check" "--frozen" "--all" "--all-targets" "--message-format=json", kill_on_drop: false }`
[INFO] [stdout] 2eed09447a1e056bbf4b4f54afb60eff9960e5e8a22a003013a76c89c81b9682
[INFO] running `Command { std: "docker" "start" "-a" "2eed09447a1e056bbf4b4f54afb60eff9960e5e8a22a003013a76c89c81b9682", kill_on_drop: false }`
[INFO] [stderr]     Checking either v1.6.1
[INFO] [stderr]     Checking itertools v0.10.3
[INFO] [stderr]     Checking qu-qu v0.1.0 (/opt/rustwide/workdir)
[INFO] [stdout] error: expected one of `->`, `where`, or `{`, found keyword `pub`
[INFO] [stdout]   --> src/player.rs:73:5
[INFO] [stdout]    |
[INFO] [stdout] 11 | impl<'a> Player<'a> {
[INFO] [stdout]    |                     - while parsing this item list starting here
[INFO] [stdout] ...
[INFO] [stdout] 71 |     pub fn define_has_not_card()
[INFO] [stdout]    |                                 - expected one of `->`, `where`, or `{`
[INFO] [stdout] 72 |
[INFO] [stdout] 73 |     pub fn amount_defined_cards_of_class(&self, class: &Class) -> usize {
[INFO] [stdout]    |     ^^^ unexpected token
[INFO] [stdout] ...
[INFO] [stdout] 98 | }
[INFO] [stdout]    | - the item list ends here
[INFO] [stdout] 
[INFO] [stdout] 
[INFO] [stdout] error: expected one of `->`, `where`, or `{`, found keyword `pub`
[INFO] [stdout]   --> src/player.rs:73:5
[INFO] [stdout]    |
[INFO] [stdout] 11 | impl<'a> Player<'a> {
[INFO] [stdout]    |                     - while parsing this item list starting here
[INFO] [stdout] ...
[INFO] [stdout] 71 |     pub fn define_has_not_card()
[INFO] [stdout]    |                                 - expected one of `->`, `where`, or `{`
[INFO] [stdout] 72 |
[INFO] [stdout] 73 |     pub fn amount_defined_cards_of_class(&self, class: &Class) -> usize {
[INFO] [stdout]    |     ^^^ unexpected token
[INFO] [stdout] ...
[INFO] [stdout] 98 | }
[INFO] [stdout]    | - the item list ends here
[INFO] [stdout] 
[INFO] [stdout] 
[INFO] [stdout] error: unexpected end of macro invocation
[INFO] [stdout]   --> src/card.rs:12:50
[INFO] [stdout]    |
[INFO] [stdout] 12 |             Class::Defined(class) => write!(class),
[INFO] [stdout]    |                                                  ^ missing tokens in macro arguments
[INFO] [stdout]    |
[INFO] [stdout] note: while trying to match `,`
[INFO] [stdout]   --> /rustc/9610dfe5a9a731ced1ea4923ecbd0c57fe367898/library/core/src/macros/mod.rs:518:15
[INFO] [stdout] 
[INFO] [stdout] 
[INFO] [stdout] error: unexpected end of macro invocation
[INFO] [stdout]   --> src/card.rs:13:51
[INFO] [stdout]    |
[INFO] [stdout] 13 |             Class::Undefined => write!("Undefined"),
[INFO] [stdout]    |                                                   ^ missing tokens in macro arguments
[INFO] [stdout]    |
[INFO] [stdout] note: while trying to match `,`
[INFO] [stdout]   --> /rustc/9610dfe5a9a731ced1ea4923ecbd0c57fe367898/library/core/src/macros/mod.rs:518:15
[INFO] [stdout] 
[INFO] [stdout] 
[INFO] [stdout] warning: unused import: `itertools::Itertools`
[INFO] [stdout]  --> src/player.rs:1:5
[INFO] [stdout]   |
[INFO] [stdout] 1 | use itertools::Itertools;
[INFO] [stdout]   |     ^^^^^^^^^^^^^^^^^^^^
[INFO] [stdout]   |
[INFO] [stdout]   = note: `#[warn(unused_imports)]` on by default
[INFO] [stdout] 
[INFO] [stdout] 
[INFO] [stdout] error: unexpected end of macro invocation
[INFO] [stdout]   --> src/card.rs:12:50
[INFO] [stdout]    |
[INFO] [stdout] 12 |             Class::Defined(class) => write!(class),
[INFO] [stdout]    |                                                  ^ missing tokens in macro arguments
[INFO] [stdout]    |
[INFO] [stdout] note: while trying to match `,`
[INFO] [stdout]   --> /rustc/9610dfe5a9a731ced1ea4923ecbd0c57fe367898/library/core/src/macros/mod.rs:518:15
[INFO] [stdout] 
[INFO] [stdout] 
[INFO] [stdout] error: unexpected end of macro invocation
[INFO] [stdout]   --> src/card.rs:13:51
[INFO] [stdout]    |
[INFO] [stdout] 13 |             Class::Undefined => write!("Undefined"),
[INFO] [stdout]    |                                                   ^ missing tokens in macro arguments
[INFO] [stdout]    |
[INFO] [stdout] note: while trying to match `,`
[INFO] [stdout]   --> /rustc/9610dfe5a9a731ced1ea4923ecbd0c57fe367898/library/core/src/macros/mod.rs:518:15
[INFO] [stdout] 
[INFO] [stdout] 
[INFO] [stdout] warning: unused import: `Class`
[INFO] [stdout]  --> src/game.rs:1:25
[INFO] [stdout]   |
[INFO] [stdout] 1 | use crate::card::{Card, Class};
[INFO] [stdout]   |                         ^^^^^
[INFO] [stdout] 
[INFO] [stdout] 
[INFO] [stdout] warning: unused import: `itertools::Itertools`
[INFO] [stdout]  --> src/player.rs:1:5
[INFO] [stdout]   |
[INFO] [stdout] 1 | use itertools::Itertools;
[INFO] [stdout]   |     ^^^^^^^^^^^^^^^^^^^^
[INFO] [stdout]   |
[INFO] [stdout]   = note: `#[warn(unused_imports)]` on by default
[INFO] [stdout] 
[INFO] [stdout] 
[INFO] [stdout] warning: unused import: `Class`
[INFO] [stdout]  --> src/game.rs:1:25
[INFO] [stdout]   |
[INFO] [stdout] 1 | use crate::card::{Card, Class};
[INFO] [stdout]   |                         ^^^^^
[INFO] [stdout] 
[INFO] [stdout] 
[INFO] [stdout] error[E0599]: no method named `remove_card` found for mutable reference `&mut Player<'_>` in the current scope
[INFO] [stdout]   --> src/actions.rs:33:23
[INFO] [stdout]    |
[INFO] [stdout] 33 |     match from_player.remove_card(card) {
[INFO] [stdout]    |                       ^^^^^^^^^^^ method not found in `&mut Player<'_>`
[INFO] [stdout] 
[INFO] [stdout] 
[INFO] [stdout] error[E0599]: no method named `remove_card` found for mutable reference `&mut Player<'_>` in the current scope
[INFO] [stdout]   --> src/actions.rs:33:23
[INFO] [stdout]    |
[INFO] [stdout] 33 |     match from_player.remove_card(card) {
[INFO] [stdout]    |                       ^^^^^^^^^^^ method not found in `&mut Player<'_>`
[INFO] [stdout] 
[INFO] [stdout] 
[INFO] [stdout] error[E0599]: no method named `add_card` found for mutable reference `&mut Player<'_>` in the current scope
[INFO] [stdout]   --> src/actions.rs:35:23
[INFO] [stdout]    |
[INFO] [stdout] 35 |             to_player.add_card(card);
[INFO] [stdout]    |                       ^^^^^^^^ method not found in `&mut Player<'_>`
[INFO] [stdout] 
[INFO] [stdout] 
[INFO] [stdout] error[E0599]: no method named `add_card` found for mutable reference `&mut Player<'_>` in the current scope
[INFO] [stdout]   --> src/actions.rs:35:23
[INFO] [stdout]    |
[INFO] [stdout] 35 |             to_player.add_card(card);
[INFO] [stdout]    |                       ^^^^^^^^ method not found in `&mut Player<'_>`
[INFO] [stdout] 
[INFO] [stdout] 
[INFO] [stdout] error: aborting due to 5 previous errors; 2 warnings emitted
[INFO] [stdout] 
[INFO] [stdout] 
[INFO] [stdout] error: aborting due to 5 previous errors; 2 warnings emitted
[INFO] [stdout] 
[INFO] [stdout] 
[INFO] [stdout] For more information about this error, try `rustc --explain E0599`.
[INFO] [stdout] 
[INFO] [stdout] For more information about this error, try `rustc --explain E0599`.
[INFO] [stdout] 
[INFO] [stderr] error: could not compile `qu-qu` (lib test) due to 6 previous errors; 2 warnings emitted
[INFO] [stderr] warning: build failed, waiting for other jobs to finish...
[INFO] [stderr] error: could not compile `qu-qu` (lib) due to 6 previous errors; 2 warnings emitted
[INFO] running `Command { std: "docker" "inspect" "2eed09447a1e056bbf4b4f54afb60eff9960e5e8a22a003013a76c89c81b9682", kill_on_drop: false }`
[INFO] running `Command { std: "docker" "rm" "-f" "2eed09447a1e056bbf4b4f54afb60eff9960e5e8a22a003013a76c89c81b9682", kill_on_drop: false }`
[INFO] [stdout] 2eed09447a1e056bbf4b4f54afb60eff9960e5e8a22a003013a76c89c81b9682
